
41
What is the greatest common factor of 46 and 17503?
23
What is the highest common divisor of 64 and 30112?
32
Calculate the greatest common factor of 35 and 550.
5
What is the highest common divisor of 2469592 and 2364?
788
What is the highest common factor of 405 and 2997?
81
What is the highest common factor of 688699 and 411?
137
What is the highest common divisor of 156838 and 22?
22
Calculate the highest common divisor of 76638 and 25758.
318
What is the highest common factor of 429337 and 710?
71
Calculate the greatest common divisor of 258869 and 104.
13
What is the greatest common factor of 146461 and 244?
61
What is the highest common divisor of 20331 and 1113?
3
What is the highest common factor of 154 and 119742?
14
What is the greatest common divisor of 548 and 33017?
137
Calculate the greatest common factor of 1596 and 72960.
228
What is the highest common factor of 2 and 27182?
2
Calculate the greatest common factor of 39950 and 3825.
425
Calculate the greatest common factor of 748286 and 3729.
1243
Calculate the highest common divisor of 186042 and 404.
202
What is the highest common factor of 1977262 and 14?
14
What is the greatest common divisor of 6168006 and 613?
613
What is the highest common factor of 5650 and 28928?
226
Calculate the greatest common divisor of 133 and 178619.
133
What is the greatest common factor of 488960 and 4584?
1528
What is the greatest common factor of 213462 and 7611?
177
Calculate the highest common factor of 12765 and 60.
15
What is the highest common factor of 1003 and 14691?
59
Calculate the greatest common divisor of 600 and 19350.
150
What is the highest common factor of 8547001 and 181?
181
What is the highest common divisor of 61241 and 799?
47
What is the greatest common factor of 20240 and 8280?
920
Calculate the highest common divisor of 1696 and 28567.
53
Calculate the greatest common factor of 5500 and 56000.
500
Calculate the greatest common divisor of 9048 and 3432.
312
What is the greatest common factor of 1743144 and 8?
8
Calculate the greatest common factor of 2 and 18418.
2
Calculate the highest common divisor of 186 and 2883.
93
What is the greatest common divisor of 16256 and 1408?
128
Calculate the highest common factor of 232 and 1050989.
29
What is the greatest common factor of 1260 and 540?
180
What is the highest common divisor of 23750 and 855?
95
Calculate the greatest common divisor of 882 and 24255.
441
What is the greatest common factor of 112 and 74312?
56
Calculate the greatest common factor of 120 and 1369320.
120
Calculate the highest common divisor of 312333 and 278.
139
Calculate the highest common divisor of 3141 and 144.
9
Calculate the greatest common factor of 136 and 98243.
17
What is the highest common factor of 34239 and 5989?
113
Calculate the greatest common factor of 104 and 968544.
8
Calculate the greatest common divisor of 1251 and 109.
1
Calculate the greatest common divisor of 14 and 719306.
14
Calculate the highest common factor of 18 and 6995826.
18
What is the greatest common factor of 9620 and 19906?
74
What is the highest common factor of 308 and 58289?
77
What is the highest common divisor of 1360444 and 8?
4
What is the highest common factor of 4596228 and 322?
322
What is the highest common divisor of 13945 and 20?
5
Calculate the highest common divisor of 31395 and 138345.
345
Calculate the greatest common factor of 1477584 and 248.
248
What is the highest common divisor of 62 and 5131647?
31
Calculate the highest common divisor of 46 and 2846.
2
Calculate the greatest common divisor of 462 and 474082.
14
What is the highest common divisor of 13 and 22217?
13
What is the highest common divisor of 1653 and 5829?
87
What is the greatest common factor of 32277 and 5724?
159
Calculate the greatest common divisor of 127097 and 9387.
149
Calculate the greatest common factor of 352 and 210408.
88
What is the highest common divisor of 75 and 3438975?
75
Calculate the greatest common factor of 980 and 172970.
490
Calculate the highest common divisor of 418312 and 32.
8
Calculate the greatest common factor of 70 and 420595.
35
What is the highest common factor of 1337 and 174383?
191
Calculate the highest common factor of 95719 and 416.
13
Calculate the highest common divisor of 107000 and 11000.
1000
What is the greatest common factor of 565 and 9172210?
565
What is the greatest common divisor of 79 and 6026831?
79
Calculate the highest common factor of 768 and 402816.
384
What is the greatest common divisor of 1726 and 1006?
2
What is the highest common divisor of 15573 and 1969?
179
What is the greatest common factor of 40138 and 976?
122
Calculate the highest common divisor of 15300 and 5780.
340
Calculate the greatest common factor of 108 and 447156.
36
Calculate the highest common factor of 81 and 5727429.
81
Calculate the highest common divisor of 224148 and 24.
12
What is the highest common divisor of 1023168 and 128?
64
What is the greatest common divisor of 259 and 116217?
37
What is the greatest common factor of 16995 and 2090?
55
What is the greatest common divisor of 1590 and 28461?
159
Calculate the highest common divisor of 511 and 2751.
7
Calculate the greatest common factor of 188093 and 2629.
239
Calculate the greatest common divisor of 1163 and 13.
1
What is the highest common factor of 180 and 54495?
45
What is the greatest common divisor of 70 and 84070?
70
Calculate the highest common divisor of 1510 and 2640.
10
Calculate the highest common divisor of 877 and 4313963.
877
What is the highest common divisor of 28 and 150857?
7
Calculate the greatest common factor of 3995 and 765.
85
Calculate the greatest common divisor of 21883 and 158.
79
Calculate the highest common factor of 147 and 15043.
49
Calculate the greatest common divisor of 3006 and 86840.
334
Calculate the highest common factor of 9966 and 242808.
906
Calculate the highest common factor of 3115868 and 2056.
1028
What is the highest common factor of 1257 and 120?
3
What is the highest common factor of 254730 and 315?
105
Calculate the highest common divisor of 11937 and 75486.
69
What is the greatest common divisor of 10176 and 12?
12
Calculate the highest common divisor of 1564 and 1462.
34
Calculate the greatest common factor of 27084 and 1332.
444
What is the greatest common divisor of 14 and 168118?
2
Calculate the greatest common divisor of 2754 and 62373.
51
Calculate the greatest common factor of 20 and 7028540.
20
Calculate the highest common divisor of 2015 and 62725.
65
What is the highest common factor of 3950 and 423756?
158
Calculate the greatest common factor of 368 and 2218.
2
Calculate the highest common factor of 24106 and 2.
2
What is the greatest common divisor of 3961 and 9299?
17
Calculate the highest common divisor of 19085 and 15.
5
What is the highest common factor of 16290 and 4363005?
2715
What is the highest common divisor of 4080 and 34476?
204
What is the greatest common factor of 53 and 861409?
53
Calculate the greatest common divisor of 192 and 77280.
96
Calculate the greatest common factor of 636 and 9012.
12
What is the greatest common divisor of 122790 and 3?
3
What is the greatest common divisor of 663 and 3030794?
221
What is the greatest common factor of 418 and 681720?
38
Calculate the highest common factor of 2822 and 5304.
34
What is the highest common divisor of 40664 and 368?
184
What is the highest common divisor of 491920 and 1118?
1118
What is the highest common factor of 5772 and 405002?
962
Calculate the highest common factor of 115 and 18895.
5
What is the highest common factor of 245 and 26075?
35
Calculate the greatest common factor of 72 and 357498.
18
Calculate the greatest common divisor of 1209 and 548793.
93
Calculate the highest common divisor of 180 and 1229415.
15
What is the greatest common factor of 204 and 14856?
12
What is the highest common divisor of 18 and 115638?
6
Calculate the greatest common divisor of 1647 and 19950111.
1647
What is the greatest common factor of 174 and 852?
6
Calculate the highest common factor of 1683 and 3597.
33
Calculate the greatest common factor of 19 and 248957.
19
What is the greatest common factor of 787206 and 84?
42
Calculate the highest common factor of 428